{"id":1256,"date":"2024-04-04T08:21:53","date_gmt":"2024-04-04T13:21:53","guid":{"rendered":"https:\/\/imsecuador.com\/?post_type=product&#038;p=1256"},"modified":"2024-05-04T07:31:32","modified_gmt":"2024-05-04T12:31:32","slug":"luces-para-aros-salvavidas-marca-lalizas-modelo-70030","status":"publish","type":"product","link":"https:\/\/imsecuador.com\/?product=luces-para-aros-salvavidas-marca-lalizas-modelo-70030","title":{"rendered":"LUCES PARA AROS SALVAVIDAS MARCA LALIZAS MODELO 70030"},"content":{"rendered":"<p>DESCRIPCI\u00d3N GENERAL<\/p>\n<p>Esta luz del salvavidas cumple con el c\u00f3digo de L.S.A capaz de la quema continuamente con una intensidad luminosa no menos que 2cd en todas las direcciones del hemisferio superior por un periodo por lo menos de 2h (en el color blanco).<\/p>\n<h4>Informaci\u00f3n del Producto<\/h4>\n<table class=\"table table-bordered\">\n<tbody>\n<tr class=\"techSpecRow\">\n<th colspan=\"2\">Detalle del Producto<\/th>\n<\/tr>\n<tr class=\"techSpecRow\">\n<td class=\"techSpecTD1\" width=\"33%\">Aprobaci\u00f3n:<\/td>\n<td class=\"techSpecTD2\">SOLAS, LSA code &amp; MSC 81 (70) modificado por GL Hamburg I.D. N\u00famero 0098<\/td>\n<\/tr>\n<tr class=\"techSpecRow\">\n<td class=\"techSpecTD1\">Salida de luz m\u00ednima de:<\/td>\n<td class=\"techSpecTD2\">2 Cd.<\/td>\n<\/tr>\n<tr class=\"techSpecRow\">\n<td class=\"techSpecTD1\">Tama\u00f1o:<\/td>\n<td class=\"techSpecTD2\">35.5 cm x 9.5 cm<\/td>\n<\/tr>\n<\/tbody>\n<\/table>\n<h5><\/h5>\n<p>Utiliza 4 pilas alcalinas Tama\u00f1o \u201cD\u201d de 1.5V. (no incluidas).<\/p>\n<div>La luz debe ser probada cada 3 meses. Las bater\u00edas deben retirarse y revisarse en busca de corrosi\u00f3n. .<\/div>\n<div><\/div>\n<div>INSTRUCCIONES DE USO<br \/>\nInserte las bater\u00edas.<br \/>\nMantenga siempre el foco de la luz boca abajo.<br \/>\nLa luz se activar\u00e1 autom\u00e1ticamente cuando la coloque boca arriba.<br \/>\nEl circuito de la l\u00e1mpara se cierra mediante un switch de mercurio<\/div>\n<div>PARTES Y MATERIALES.<br \/>\n1.- Bulbo de 4.8V \u2013 0.75 A<br \/>\n2.- Alojamiento para bater\u00edas de pl\u00e1stico ABS.<br \/>\n3.- Sujetador de foco de bronce.<br \/>\n4.- Switch de Mercurio.<br \/>\n5.- Circuito el\u00e9ctrico de aluminio.<br \/>\n6.- Lente de policarbonato.<br \/>\n7.- Empaques de caucho tipo O-RING.<br \/>\n8.- Estructura de pl\u00e1stico \u2013 polietileno.<br \/>\n9.- Sujetador de luz para aro salvavidas de policarbonato negro de alta calidad. Dise\u00f1ado para mantener la luz verticalmente en la posici\u00f3n de apagado y proporcionar una f\u00e1cil remoci\u00f3n en emergencias.<\/div>\n","protected":false},"excerpt":{"rendered":"<p>DESCRIPCI\u00d3N GENERAL Esta luz del salvavidas cumple con el c\u00f3digo de L.S.A capaz de la quema continuamente con una intensidad luminosa no menos que 2cd en todas las direcciones del hemisferio superior por un periodo por lo menos de 2h (en el color blanco). Informaci\u00f3n del Producto Detalle del Producto Aprobaci\u00f3n: SOLAS, LSA code &amp; [&hellip;]<\/p>\n","protected":false},"featured_media":1257,"template":"","meta":{"_joinchat":[]},"product_cat":[32],"product_tag":[],"featured_image_urls":{"full":["https:\/\/imsecuador.com\/wp-content\/uploads\/2024\/04\/LUCES-PARA-AROS-SALVAVIDAS-MARCA-LALIZAS-MODELO-70030.jpg",800,1067,false],"thumbnail":["https:\/\/imsecuador.com\/wp-content\/uploads\/2024\/04\/LUCES-PARA-AROS-SALVAVIDAS-MARCA-LALIZAS-MODELO-70030-150x150.jpg",150,150,true],"medium":["https:\/\/imsecuador.com\/wp-content\/uploads\/2024\/04\/LUCES-PARA-AROS-SALVAVIDAS-MARCA-LALIZAS-MODELO-70030-225x300.jpg",225,300,true],"medium_large":["https:\/\/imsecuador.com\/wp-content\/uploads\/2024\/04\/LUCES-PARA-AROS-SALVAVIDAS-MARCA-LALIZAS-MODELO-70030-768x1024.jpg",768,1024,true],"large":["https:\/\/imsecuador.com\/wp-content\/uploads\/2024\/04\/LUCES-PARA-AROS-SALVAVIDAS-MARCA-LALIZAS-MODELO-70030-768x1024.jpg",768,1024,true],"1536x1536":["https:\/\/imsecuador.com\/wp-content\/uploads\/2024\/04\/LUCES-PARA-AROS-SALVAVIDAS-MARCA-LALIZAS-MODELO-70030.jpg",800,1067,false],"2048x2048":["https:\/\/imsecuador.com\/wp-content\/uploads\/2024\/04\/LUCES-PARA-AROS-SALVAVIDAS-MARCA-LALIZAS-MODELO-70030.jpg",800,1067,false],"woocommerce_archive_thumbnail":["https:\/\/imsecuador.com\/wp-content\/uploads\/2024\/04\/LUCES-PARA-AROS-SALVAVIDAS-MARCA-LALIZAS-MODELO-70030-300x400.jpg",300,400,true],"woocommerce_thumbnail":["https:\/\/imsecuador.com\/wp-content\/uploads\/2024\/04\/LUCES-PARA-AROS-SALVAVIDAS-MARCA-LALIZAS-MODELO-70030-300x300.jpg",300,300,true],"woocommerce_single":["https:\/\/imsecuador.com\/wp-content\/uploads\/2024\/04\/LUCES-PARA-AROS-SALVAVIDAS-MARCA-LALIZAS-MODELO-70030-600x800.jpg",600,800,true],"woocommerce_gallery_thumbnail":["https:\/\/imsecuador.com\/wp-content\/uploads\/2024\/04\/LUCES-PARA-AROS-SALVAVIDAS-MARCA-LALIZAS-MODELO-70030-100x100.jpg",100,100,true]},"post_excerpt_stackable":"<p>DESCRIPCI\u00d3N GENERAL Esta luz del salvavidas cumple con el c\u00f3digo de L.S.A capaz de la quema continuamente con una intensidad luminosa no menos que 2cd en todas las direcciones del hemisferio superior por un periodo por lo menos de 2h (en el color blanco). Informaci\u00f3n del Producto Detalle del Producto Aprobaci\u00f3n: SOLAS, LSA code &amp; MSC 81 (70) modificado por GL Hamburg I.D. N\u00famero 0098 Salida de luz m\u00ednima de: 2 Cd. Tama\u00f1o: 35.5 cm x 9.5 cm Utiliza 4 pilas alcalinas Tama\u00f1o \u201cD\u201d de 1.5V. (no incluidas). La luz debe ser probada cada 3 meses. Las bater\u00edas deben retirarse&hellip;<\/p>\n","category_list":"","author_info":{"name":"","url":""},"comments_num":"0 comentarios","_links":{"self":[{"href":"https:\/\/imsecuador.com\/index.php?rest_route=\/wp\/v2\/product\/1256"}],"collection":[{"href":"https:\/\/imsecuador.com\/index.php?rest_route=\/wp\/v2\/product"}],"about":[{"href":"https:\/\/imsecuador.com\/index.php?rest_route=\/wp\/v2\/types\/product"}],"wp:featuredmedia":[{"embeddable":true,"href":"https:\/\/imsecuador.com\/index.php?rest_route=\/wp\/v2\/media\/1257"}],"wp:attachment":[{"href":"https:\/\/imsecuador.com\/index.php?rest_route=%2Fwp%2Fv2%2Fmedia&parent=1256"}],"wp:term":[{"taxonomy":"product_cat","embeddable":true,"href":"https:\/\/imsecuador.com\/index.php?rest_route=%2Fwp%2Fv2%2Fproduct_cat&post=1256"},{"taxonomy":"product_tag","embeddable":true,"href":"https:\/\/imsecuador.com\/index.php?rest_route=%2Fwp%2Fv2%2Fproduct_tag&post=1256"}],"curies":[{"name":"wp","href":"https:\/\/api.w.org\/{rel}","templated":true}]}}