{"id":1184,"date":"2024-03-12T10:24:31","date_gmt":"2024-03-12T15:24:31","guid":{"rendered":"https:\/\/imsecuador.com\/?post_type=product&#038;p=1184"},"modified":"2024-03-12T10:24:32","modified_gmt":"2024-03-12T15:24:32","slug":"pfd-de-rescate-rapido","status":"publish","type":"product","link":"https:\/\/imsecuador.com\/?product=pfd-de-rescate-rapido","title":{"rendered":"PFD DE RESCATE R\u00c1PIDO"},"content":{"rendered":"","protected":false},"excerpt":{"rendered":"<h2>Detalles del producto<\/h2>\n<div class=\"product-details-col-wrapper\">\n<div class=\"product-details-col-1\">PFD tipo V. 22 libras de flotaci\u00f3n, capacidad de ajuste para adaptarse a tama\u00f1os de pecho de 30 a 58 pulgadas y todas las caracter\u00edsticas que necesitar\u00e1 en un chaleco de rescate. El NRS Rapid Rescuer puede manejar cualquier situaci\u00f3n.<\/p>\n<ul>\n<li>Con puntos de tensi\u00f3n cosidos en caja, correas reforzadas para los hombros y una carcasa de Cordura\u00ae de 500 deniers, el NRS Rapid Rescuer es lo suficientemente resistente como para manejar cualquier situaci\u00f3n.<\/li>\n<li>Dos enormes bolsillos delanteros se estiran para guardar cualquier cosa, desde un GPS hasta un VHF. Las hebillas de liberaci\u00f3n r\u00e1pida con correas de nailon ajustables aseguran el cierre de los bolsillos.<\/li>\n<li>Cintur\u00f3n de rescate de liberaci\u00f3n r\u00e1pida, con anilla de acero inoxidable, para \u00abcebo vivo\u00bb y otras t\u00e9cnicas de rescate en aguas r\u00e1pidas.<\/li>\n<li>Las tres leng\u00fcetas de pesta\u00f1as en la parte delantera son ideales para un cuchillo, un silbato o cualquier otra cosa que necesites tener a mano.<\/li>\n<li>En la parte posterior hay una leng\u00fceta de pesta\u00f1as adicional para una luz estrobosc\u00f3pica y un soporte de luz qu\u00edmica, para visibilidad en operaciones nocturnas y con poca luz.<\/li>\n<li>Las tiras largas de cinta reflectante en la parte delantera y trasera de la chaqueta aumentan la visibilidad.<\/li>\n<li>Los bucles de cincha para las correas de las piernas agregan seguridad adicional en aguas grandes. (Las correas para las piernas se venden por separado).<\/li>\n<li>El tama\u00f1o Universal Plus se adapta a tama\u00f1os de pecho de entre 30 y 58 pulgadas, con 8 puntos de ajuste para garantizar un ajuste seguro.<\/li>\n<li>Esta chaqueta cuenta con la certificaci\u00f3n de la Guardia Costera de EE. UU., a trav\u00e9s de pruebas realizadas por Underwriters Laboratories (UL).<\/li>\n<\/ul>\n<h3>Especificaciones<\/h3>\n<div id=\"compare\">\n<table>\n<tbody>\n<tr>\n<th>Peso:<\/th>\n<td>3.75 libras<\/td>\n<\/tr>\n<tr>\n<th>Opciones de color:<\/th>\n<td>Rojo y amarillo<\/td>\n<\/tr>\n<tr>\n<th>Categor\u00eda:<\/th>\n<td>\n<ul>\n<li>Chalecos salvavidas de rescate<\/li>\n<li>Chalecos salvavidas con cremallera frontal<\/li>\n<li>Chalecos salvavidas de alta flotaci\u00f3n<\/li>\n<\/ul>\n<\/td>\n<\/tr>\n<tr>\n<th><a class=\"tips\" href=\"https:\/\/www.nrs.com\/rapid-rescuer-pfd\/p5zf?q=40025.01#\" data-tip=\"The USCG classifies life jackets into Type I, II. III, IV and V categories. Most recreational jackets fall in Type III. Type V covers special use jackets, like inflatable and ones for rescue and commercial boating.\">Tipo de Guardia Costera de EE. UU.:<\/a><\/th>\n<td>V<\/td>\n<\/tr>\n<tr>\n<th><a class=\"tips\" href=\"https:\/\/www.nrs.com\/rapid-rescuer-pfd\/p5zf?q=40025.01#\" data-tip=\"Low profile jackets are more compact, top-to-bottom, with thicker flotation panels; they provide great arm mobility. Flotation panels on Medium profile jackets cover more of the torso, but tend to have thinner panels. Flotation panels on High profile jackets also cover more of the torso, but have thicker panels for maximum flotation.\">Perfil:<\/a><\/th>\n<td>Alto<\/td>\n<\/tr>\n<tr>\n<th>Flotaci\u00f3n de dise\u00f1o:<\/th>\n<td>21.9 libras<\/td>\n<\/tr>\n<tr>\n<th>Tejido exterior:<\/th>\n<td>Cordura\u00ae de 500 deniers<\/td>\n<\/tr>\n<tr>\n<th>Sistema de entrada:<\/th>\n<td>Cremallera frontal<\/td>\n<\/tr>\n<tr>\n<th>Bolsillos:<\/th>\n<td>\n<ul>\n<li>2 &#8211; Frontal<\/li>\n<\/ul>\n<\/td>\n<\/tr>\n<tr>\n<th>Leng\u00fcetas de pesta\u00f1as:<\/th>\n<td>\n<ul>\n<li>3 &#8211; Frontal<\/li>\n<li>1 &#8211; Espalda<\/li>\n<\/ul>\n<\/td>\n<\/tr>\n<tr>\n<th>Sistema de ajuste:<\/th>\n<td>\n<ul>\n<li>4 &#8211; Lateral<\/li>\n<li>2 &#8211; Hombro<\/li>\n<li>2 &#8211; Cintura<\/li>\n<\/ul>\n<\/td>\n<\/tr>\n<tr>\n<th>Funciones:<\/th>\n<td>\n<ul>\n<li>Cinta reflectante<\/li>\n<li>Arn\u00e9s de rescate de liberaci\u00f3n r\u00e1pida<\/li>\n<li>Soporte estrobosc\u00f3pico<\/li>\n<li>Punto de fijaci\u00f3n de la correa<\/li>\n<li>Soporte para bastones de luz de seguridad<\/li>\n<li>Trabillas de cincha para las correas de las piernas (se venden por separado)<\/li>\n<li>Universal Plus fit 30&#8243; &#8211; 58&#8243; pecho\n<ul>Certificaci\u00f3n de la Guardia Costera de EE. UU.<\/ul>\n<\/li>\n<\/ul>\n<\/td>\n<\/tr>\n<\/tbody>\n<\/table>\n<\/div>\n<p>&nbsp;<\/p>\n<\/div>\n<\/div>\n","protected":false},"featured_media":1185,"template":"","meta":{"_joinchat":[]},"product_cat":[32],"product_tag":[],"featured_image_urls":{"full":["https:\/\/imsecuador.com\/wp-content\/uploads\/2024\/03\/PFD-DE-RESCATE-RAPIDO.jpg",800,1067,false],"thumbnail":["https:\/\/imsecuador.com\/wp-content\/uploads\/2024\/03\/PFD-DE-RESCATE-RAPIDO-150x150.jpg",150,150,true],"medium":["https:\/\/imsecuador.com\/wp-content\/uploads\/2024\/03\/PFD-DE-RESCATE-RAPIDO-225x300.jpg",225,300,true],"medium_large":["https:\/\/imsecuador.com\/wp-content\/uploads\/2024\/03\/PFD-DE-RESCATE-RAPIDO-768x1024.jpg",768,1024,true],"large":["https:\/\/imsecuador.com\/wp-content\/uploads\/2024\/03\/PFD-DE-RESCATE-RAPIDO-768x1024.jpg",768,1024,true],"1536x1536":["https:\/\/imsecuador.com\/wp-content\/uploads\/2024\/03\/PFD-DE-RESCATE-RAPIDO.jpg",800,1067,false],"2048x2048":["https:\/\/imsecuador.com\/wp-content\/uploads\/2024\/03\/PFD-DE-RESCATE-RAPIDO.jpg",800,1067,false],"woocommerce_archive_thumbnail":["https:\/\/imsecuador.com\/wp-content\/uploads\/2024\/03\/PFD-DE-RESCATE-RAPIDO-300x400.jpg",300,400,true],"woocommerce_thumbnail":["https:\/\/imsecuador.com\/wp-content\/uploads\/2024\/03\/PFD-DE-RESCATE-RAPIDO-300x300.jpg",300,300,true],"woocommerce_single":["https:\/\/imsecuador.com\/wp-content\/uploads\/2024\/03\/PFD-DE-RESCATE-RAPIDO-600x800.jpg",600,800,true],"woocommerce_gallery_thumbnail":["https:\/\/imsecuador.com\/wp-content\/uploads\/2024\/03\/PFD-DE-RESCATE-RAPIDO-100x100.jpg",100,100,true]},"post_excerpt_stackable":"<h2>Detalles del producto<\/h2>\n<div class=\"product-details-col-wrapper\">\n<div class=\"product-details-col-1\">PFD tipo V. 22 libras de flotaci\u00f3n, capacidad de ajuste para adaptarse a tama\u00f1os de pecho de 30 a 58 pulgadas y todas las caracter\u00edsticas que necesitar\u00e1 en un chaleco de rescate. El NRS Rapid Rescuer puede manejar cualquier situaci\u00f3n.<\/p>\n<ul>\n<li>Con puntos de tensi\u00f3n cosidos en caja, correas reforzadas para los hombros y una carcasa de Cordura\u00ae de 500 deniers, el NRS Rapid Rescuer es lo suficientemente resistente como para manejar cualquier situaci\u00f3n.<\/li>\n<li>Dos enormes bolsillos delanteros se estiran para guardar cualquier cosa, desde un GPS hasta un VHF. Las hebillas de liberaci\u00f3n r\u00e1pida con correas de nailon ajustables aseguran el cierre de los bolsillos.<\/li>\n<li>Cintur\u00f3n de rescate de liberaci\u00f3n r\u00e1pida, con anilla de acero inoxidable, para \u00abcebo vivo\u00bb y otras t\u00e9cnicas de rescate en aguas r\u00e1pidas.<\/li>\n<li>Las tres leng\u00fcetas de pesta\u00f1as en la parte delantera son ideales para un cuchillo, un silbato o cualquier otra cosa que necesites tener a mano.<\/li>\n<li>En la parte posterior hay una leng\u00fceta de pesta\u00f1as adicional para una luz estrobosc\u00f3pica y un soporte de luz qu\u00edmica, para visibilidad en operaciones nocturnas y con poca luz.<\/li>\n<li>Las tiras largas de cinta reflectante en la parte delantera y trasera de la chaqueta aumentan la visibilidad.<\/li>\n<li>Los bucles de cincha para las correas de las piernas agregan seguridad adicional en aguas grandes. (Las correas para las piernas se venden por separado).<\/li>\n<li>El tama\u00f1o Universal Plus se adapta a tama\u00f1os de pecho de entre 30 y 58 pulgadas, con 8 puntos de ajuste para garantizar un ajuste seguro.<\/li>\n<li>Esta chaqueta cuenta con la certificaci\u00f3n de la Guardia Costera de EE. UU., a trav\u00e9s de pruebas realizadas por Underwriters Laboratories (UL).<\/li>\n<\/ul>\n<h3>Especificaciones<\/h3>\n<div id=\"compare\">\n<table>\n<tbody>\n<tr>\n<th>Peso:<\/th>\n<td>3.75 libras<\/td>\n<\/tr>\n<tr>\n<th>Opciones de color:<\/th>\n<td>Rojo y amarillo<\/td>\n<\/tr>\n<tr>\n<th>Categor\u00eda:<\/th>\n<td>\n<ul>\n<li>Chalecos salvavidas de rescate<\/li>\n<li>Chalecos salvavidas con cremallera frontal<\/li>\n<li>Chalecos salvavidas de alta flotaci\u00f3n<\/li>\n<\/ul>\n<\/td>\n<\/tr>\n<tr>\n<th><a class=\"tips\" href=\"https:\/\/www.nrs.com\/rapid-rescuer-pfd\/p5zf?q=40025.01#\" data-tip=\"The USCG classifies life jackets into Type I, II. III, IV and V categories. Most recreational jackets fall in Type III. Type V covers special use jackets, like inflatable and ones for rescue and commercial boating.\">Tipo de Guardia Costera de EE. UU.:<\/a><\/th>\n<td>V<\/td>\n<\/tr>\n<tr>\n<th><a class=\"tips\" href=\"https:\/\/www.nrs.com\/rapid-rescuer-pfd\/p5zf?q=40025.01#\" data-tip=\"Low profile jackets are more compact, top-to-bottom, with thicker flotation panels; they provide great arm mobility. Flotation panels on Medium profile jackets cover more of the torso, but tend to have thinner panels. Flotation panels on High profile jackets also cover more of the torso, but have thicker panels for maximum flotation.\">Perfil:<\/a><\/th>\n<td>Alto<\/td>\n<\/tr>\n<tr>\n<th>Flotaci\u00f3n de dise\u00f1o:<\/th>\n<td>21.9 libras<\/td>\n<\/tr>\n<tr>\n<th>Tejido exterior:<\/th>\n<td>Cordura\u00ae de 500 deniers<\/td>\n<\/tr>\n<tr>\n<th>Sistema de entrada:<\/th>\n<td>Cremallera frontal<\/td>\n<\/tr>\n<tr>\n<th>Bolsillos:<\/th>\n<td>\n<ul>\n<li>2 &#8211; Frontal<\/li>\n<\/ul>\n<\/td>\n<\/tr>\n<tr>\n<th>Leng\u00fcetas de pesta\u00f1as:<\/th>\n<td>\n<ul>\n<li>3 &#8211; Frontal<\/li>\n<li>1 &#8211; Espalda<\/li>\n<\/ul>\n<\/td>\n<\/tr>\n<tr>\n<th>Sistema de ajuste:<\/th>\n<td>\n<ul>\n<li>4 &#8211; Lateral<\/li>\n<li>2 &#8211; Hombro<\/li>\n<li>2 &#8211; Cintura<\/li>\n<\/ul>\n<\/td>\n<\/tr>\n<tr>\n<th>Funciones:<\/th>\n<td>\n<ul>\n<li>Cinta reflectante<\/li>\n<li>Arn\u00e9s de rescate de liberaci\u00f3n r\u00e1pida<\/li>\n<li>Soporte estrobosc\u00f3pico<\/li>\n<li>Punto de fijaci\u00f3n de la correa<\/li>\n<li>Soporte para bastones de luz de seguridad<\/li>\n<li>Trabillas de cincha para las correas de las piernas (se venden por separado)<\/li>\n<li>Universal Plus fit 30&#8243; &#8211; 58&#8243; pecho\n<ul>Certificaci\u00f3n de la Guardia Costera de EE. UU.<\/ul>\n<\/li>\n<\/ul>\n<\/td>\n<\/tr>\n<\/tbody>\n<\/table>\n<\/div>\n<p>&nbsp;<\/p>\n<\/div>\n<\/div>\n","category_list":"","author_info":{"name":"","url":""},"comments_num":"0 comentarios","_links":{"self":[{"href":"https:\/\/imsecuador.com\/index.php?rest_route=\/wp\/v2\/product\/1184"}],"collection":[{"href":"https:\/\/imsecuador.com\/index.php?rest_route=\/wp\/v2\/product"}],"about":[{"href":"https:\/\/imsecuador.com\/index.php?rest_route=\/wp\/v2\/types\/product"}],"wp:featuredmedia":[{"embeddable":true,"href":"https:\/\/imsecuador.com\/index.php?rest_route=\/wp\/v2\/media\/1185"}],"wp:attachment":[{"href":"https:\/\/imsecuador.com\/index.php?rest_route=%2Fwp%2Fv2%2Fmedia&parent=1184"}],"wp:term":[{"taxonomy":"product_cat","embeddable":true,"href":"https:\/\/imsecuador.com\/index.php?rest_route=%2Fwp%2Fv2%2Fproduct_cat&post=1184"},{"taxonomy":"product_tag","embeddable":true,"href":"https:\/\/imsecuador.com\/index.php?rest_route=%2Fwp%2Fv2%2Fproduct_tag&post=1184"}],"curies":[{"name":"wp","href":"https:\/\/api.w.org\/{rel}","templated":true}]}}