{"id":1178,"date":"2024-03-12T10:09:43","date_gmt":"2024-03-12T15:09:43","guid":{"rendered":"https:\/\/imsecuador.com\/?post_type=product&#038;p=1178"},"modified":"2024-03-14T10:18:55","modified_gmt":"2024-03-14T15:18:55","slug":"reflector-de-radar-r-o-r-c-16inch-300x300x415mm","status":"publish","type":"product","link":"https:\/\/imsecuador.com\/?product=reflector-de-radar-r-o-r-c-16inch-300x300x415mm","title":{"rendered":"REFLECTOR DE RADAR R.O.R.C. 16INCH 300X300X415MM"},"content":{"rendered":"<h1>Radar Reflector<\/h1>\n<p>En principio, el radar funciona con ecos que son reflejados por casi todos los objetos. Estos ecos se reflejan en todas las direcciones y solo una se\u00f1al muy d\u00e9bil es captada por el sistema de radar. Un\u00a0<b>reflector de radar<\/b>\u00a0es un dispositivo que est\u00e1 hecho para reflejar las se\u00f1ales de una instalaci\u00f3n de radar.<\/p>\n<p>16 pulgadas<\/p>\n<p>300x300x415mm<\/p>\n","protected":false},"excerpt":{"rendered":"<p>Radar Reflector En principio, el radar funciona con ecos que son reflejados por casi todos los objetos. Estos ecos se reflejan en todas las direcciones y solo una se\u00f1al muy d\u00e9bil es captada por el sistema de radar. Un\u00a0reflector de radar\u00a0es un dispositivo que est\u00e1 hecho para reflejar las se\u00f1ales de una instalaci\u00f3n de radar. [&hellip;]<\/p>\n","protected":false},"featured_media":1179,"template":"","meta":{"_joinchat":[]},"product_cat":[33],"product_tag":[],"featured_image_urls":{"full":["https:\/\/imsecuador.com\/wp-content\/uploads\/2024\/03\/REFLECTOR-DE-RADAR-R.O.R.C.-16INCH-300X300X415MM.jpg",800,1067,false],"thumbnail":["https:\/\/imsecuador.com\/wp-content\/uploads\/2024\/03\/REFLECTOR-DE-RADAR-R.O.R.C.-16INCH-300X300X415MM-150x150.jpg",150,150,true],"medium":["https:\/\/imsecuador.com\/wp-content\/uploads\/2024\/03\/REFLECTOR-DE-RADAR-R.O.R.C.-16INCH-300X300X415MM-225x300.jpg",225,300,true],"medium_large":["https:\/\/imsecuador.com\/wp-content\/uploads\/2024\/03\/REFLECTOR-DE-RADAR-R.O.R.C.-16INCH-300X300X415MM-768x1024.jpg",768,1024,true],"large":["https:\/\/imsecuador.com\/wp-content\/uploads\/2024\/03\/REFLECTOR-DE-RADAR-R.O.R.C.-16INCH-300X300X415MM-768x1024.jpg",768,1024,true],"1536x1536":["https:\/\/imsecuador.com\/wp-content\/uploads\/2024\/03\/REFLECTOR-DE-RADAR-R.O.R.C.-16INCH-300X300X415MM.jpg",800,1067,false],"2048x2048":["https:\/\/imsecuador.com\/wp-content\/uploads\/2024\/03\/REFLECTOR-DE-RADAR-R.O.R.C.-16INCH-300X300X415MM.jpg",800,1067,false],"woocommerce_archive_thumbnail":["https:\/\/imsecuador.com\/wp-content\/uploads\/2024\/03\/REFLECTOR-DE-RADAR-R.O.R.C.-16INCH-300X300X415MM-300x400.jpg",300,400,true],"woocommerce_thumbnail":["https:\/\/imsecuador.com\/wp-content\/uploads\/2024\/03\/REFLECTOR-DE-RADAR-R.O.R.C.-16INCH-300X300X415MM-300x300.jpg",300,300,true],"woocommerce_single":["https:\/\/imsecuador.com\/wp-content\/uploads\/2024\/03\/REFLECTOR-DE-RADAR-R.O.R.C.-16INCH-300X300X415MM-600x800.jpg",600,800,true],"woocommerce_gallery_thumbnail":["https:\/\/imsecuador.com\/wp-content\/uploads\/2024\/03\/REFLECTOR-DE-RADAR-R.O.R.C.-16INCH-300X300X415MM-100x100.jpg",100,100,true]},"post_excerpt_stackable":"<p>Radar Reflector En principio, el radar funciona con ecos que son reflejados por casi todos los objetos. Estos ecos se reflejan en todas las direcciones y solo una se\u00f1al muy d\u00e9bil es captada por el sistema de radar. Un\u00a0reflector de radar\u00a0es un dispositivo que est\u00e1 hecho para reflejar las se\u00f1ales de una instalaci\u00f3n de radar. 16 pulgadas 300x300x415mm<\/p>\n","category_list":"","author_info":{"name":"","url":""},"comments_num":"0 comentarios","_links":{"self":[{"href":"https:\/\/imsecuador.com\/index.php?rest_route=\/wp\/v2\/product\/1178"}],"collection":[{"href":"https:\/\/imsecuador.com\/index.php?rest_route=\/wp\/v2\/product"}],"about":[{"href":"https:\/\/imsecuador.com\/index.php?rest_route=\/wp\/v2\/types\/product"}],"wp:featuredmedia":[{"embeddable":true,"href":"https:\/\/imsecuador.com\/index.php?rest_route=\/wp\/v2\/media\/1179"}],"wp:attachment":[{"href":"https:\/\/imsecuador.com\/index.php?rest_route=%2Fwp%2Fv2%2Fmedia&parent=1178"}],"wp:term":[{"taxonomy":"product_cat","embeddable":true,"href":"https:\/\/imsecuador.com\/index.php?rest_route=%2Fwp%2Fv2%2Fproduct_cat&post=1178"},{"taxonomy":"product_tag","embeddable":true,"href":"https:\/\/imsecuador.com\/index.php?rest_route=%2Fwp%2Fv2%2Fproduct_tag&post=1178"}],"curies":[{"name":"wp","href":"https:\/\/api.w.org\/{rel}","templated":true}]}}