{"id":1174,"date":"2024-03-12T10:01:51","date_gmt":"2024-03-12T15:01:51","guid":{"rendered":"https:\/\/imsecuador.com\/?post_type=product&#038;p=1174"},"modified":"2024-03-12T10:01:51","modified_gmt":"2024-03-12T15:01:51","slug":"gancho-telescopico-con-2-extremos-de-aluminio","status":"publish","type":"product","link":"https:\/\/imsecuador.com\/?product=gancho-telescopico-con-2-extremos-de-aluminio","title":{"rendered":"GANCHO TELESC\u00d3PICO CON 2 EXTREMOS DE ALUMINIO"},"content":{"rendered":"<p>Ideal para m\u00faltiples usos a bordo, cuenta con un m\u00e1stil de aluminio anodizado y un gancho fabricado en PP para prolongar su vida \u00fatil. Tambi\u00e9n incluye una tapa de gancho de PVC blando en color naranja. Dispone de un mecanismo telesc\u00f3pico que le permite expandirse a la longitud deseada, con una acci\u00f3n de bloqueo de un cuarto de vuelta. Disponible en \u00d830mm y en dos dimensiones con gancho negro.<\/p>\n","protected":false},"excerpt":{"rendered":"<p>Ideal para m\u00faltiples usos a bordo, cuenta con un m\u00e1stil de aluminio anodizado y un gancho fabricado en PP para prolongar su vida \u00fatil. Tambi\u00e9n incluye una tapa de gancho de PVC blando en color naranja. Dispone de un mecanismo telesc\u00f3pico que le permite expandirse a la longitud deseada, con una acci\u00f3n de bloqueo de [&hellip;]<\/p>\n","protected":false},"featured_media":1175,"template":"","meta":{"_joinchat":[]},"product_cat":[32],"product_tag":[],"featured_image_urls":{"full":["https:\/\/imsecuador.com\/wp-content\/uploads\/2024\/03\/GANCHO-TELESCOPICO-CON-2-EXTREMOS-DE-ALUMINIO.jpg",800,1067,false],"thumbnail":["https:\/\/imsecuador.com\/wp-content\/uploads\/2024\/03\/GANCHO-TELESCOPICO-CON-2-EXTREMOS-DE-ALUMINIO-150x150.jpg",150,150,true],"medium":["https:\/\/imsecuador.com\/wp-content\/uploads\/2024\/03\/GANCHO-TELESCOPICO-CON-2-EXTREMOS-DE-ALUMINIO-225x300.jpg",225,300,true],"medium_large":["https:\/\/imsecuador.com\/wp-content\/uploads\/2024\/03\/GANCHO-TELESCOPICO-CON-2-EXTREMOS-DE-ALUMINIO-768x1024.jpg",768,1024,true],"large":["https:\/\/imsecuador.com\/wp-content\/uploads\/2024\/03\/GANCHO-TELESCOPICO-CON-2-EXTREMOS-DE-ALUMINIO-768x1024.jpg",768,1024,true],"1536x1536":["https:\/\/imsecuador.com\/wp-content\/uploads\/2024\/03\/GANCHO-TELESCOPICO-CON-2-EXTREMOS-DE-ALUMINIO.jpg",800,1067,false],"2048x2048":["https:\/\/imsecuador.com\/wp-content\/uploads\/2024\/03\/GANCHO-TELESCOPICO-CON-2-EXTREMOS-DE-ALUMINIO.jpg",800,1067,false],"woocommerce_archive_thumbnail":["https:\/\/imsecuador.com\/wp-content\/uploads\/2024\/03\/GANCHO-TELESCOPICO-CON-2-EXTREMOS-DE-ALUMINIO-300x400.jpg",300,400,true],"woocommerce_thumbnail":["https:\/\/imsecuador.com\/wp-content\/uploads\/2024\/03\/GANCHO-TELESCOPICO-CON-2-EXTREMOS-DE-ALUMINIO-300x300.jpg",300,300,true],"woocommerce_single":["https:\/\/imsecuador.com\/wp-content\/uploads\/2024\/03\/GANCHO-TELESCOPICO-CON-2-EXTREMOS-DE-ALUMINIO-600x800.jpg",600,800,true],"woocommerce_gallery_thumbnail":["https:\/\/imsecuador.com\/wp-content\/uploads\/2024\/03\/GANCHO-TELESCOPICO-CON-2-EXTREMOS-DE-ALUMINIO-100x100.jpg",100,100,true]},"post_excerpt_stackable":"<p>Ideal para m\u00faltiples usos a bordo, cuenta con un m\u00e1stil de aluminio anodizado y un gancho fabricado en PP para prolongar su vida \u00fatil. Tambi\u00e9n incluye una tapa de gancho de PVC blando en color naranja. Dispone de un mecanismo telesc\u00f3pico que le permite expandirse a la longitud deseada, con una acci\u00f3n de bloqueo de un cuarto de vuelta. Disponible en \u00d830mm y en dos dimensiones con gancho negro.<\/p>\n","category_list":"","author_info":{"name":"","url":""},"comments_num":"0 comentarios","_links":{"self":[{"href":"https:\/\/imsecuador.com\/index.php?rest_route=\/wp\/v2\/product\/1174"}],"collection":[{"href":"https:\/\/imsecuador.com\/index.php?rest_route=\/wp\/v2\/product"}],"about":[{"href":"https:\/\/imsecuador.com\/index.php?rest_route=\/wp\/v2\/types\/product"}],"wp:featuredmedia":[{"embeddable":true,"href":"https:\/\/imsecuador.com\/index.php?rest_route=\/wp\/v2\/media\/1175"}],"wp:attachment":[{"href":"https:\/\/imsecuador.com\/index.php?rest_route=%2Fwp%2Fv2%2Fmedia&parent=1174"}],"wp:term":[{"taxonomy":"product_cat","embeddable":true,"href":"https:\/\/imsecuador.com\/index.php?rest_route=%2Fwp%2Fv2%2Fproduct_cat&post=1174"},{"taxonomy":"product_tag","embeddable":true,"href":"https:\/\/imsecuador.com\/index.php?rest_route=%2Fwp%2Fv2%2Fproduct_tag&post=1174"}],"curies":[{"name":"wp","href":"https:\/\/api.w.org\/{rel}","templated":true}]}}